4486 is divided by 2362?
6
Calculate the remainder when 60141 is divided by 439.
437
What is the remainder when 78 is divided by 21?
15
Calculate the remainder when 186666 is divided by 31108.
18
Calculate the remainder when 46246 is divided by 15414.
4
Calculate the remainder when 185770 is divided by 611.
26
Calculate the remainder when 472 is divided by 82.
62
Calculate the remainder when 14401 is divided by 2369.
187
Calculate the remainder when 2667 is divided by 598.
275
What is the remainder when 129792 is divided by 32446?
8
What is the remainder when 13020 is divided by 65?
20
Calculate the remainder when 5564 is divided by 505.
9
What is the remainder when 135317 is divided by 84?
77
Calculate the remainder when 284848 is divided by 4069.
18
What is the remainder when 15825 is divided by 110?
95
Calculate the remainder when 9438 is divided by 720.
78
Calculate the remainder when 590 is divided by 288.
14
Calculate the remainder when 50508 is divided by 17.
1
What is the remainder when 13126 is divided by 425?
376
What is the remainder when 155911 is divided by 89?
72
Calculate the remainder when 12559 is divided by 4175.
34
What is the remainder when 1087 is divided by 98?
9
What is the remainder when 2072 is divided by 62?
26
What is the remainder when 117385 is divided by 1011?
109
What is the remainder when 13025 is divided by 6506?
13
Calculate the remainder when 25974 is divided by 56.
46
Calculate the remainder when 784123 is divided by 637.
613
Calculate the remainder when 359799 is divided by 20.
19
Calculate the remainder when 91798 is divided by 96.
22
Calculate the remainder when 605705 is divided by 813.
20
Calculate the remainder when 22264 is divided by 135.
124
What is the remainder when 2655319 is divided by 246?
241
What is the remainder when 681175 is divided by 1393?
1391
Calculate the remainder when 1594 is divided by 162.
136
What is the remainder when 9855 is divided by 99?
54
Calculate the remainder when 2387 is divided by 5.
2
Calculate the remainder when 5360 is divided by 1768.
56
What is the remainder when 122174 is divided by 46?
44
Calculate the remainder when 44840 is divided by 17.
11
Calculate the remainder when 9722 is divided by 2423.
30
What is the remainder when 335901 is divided by 211?
200
What is the remainder when 3319 is divided by 1649?
21
Calculate the remainder when 52690 is divided by 212.
114
Calculate the remainder when 4068 is divided by 1951.
166
What is the remainder when 41083 is divided by 6847?
1
What is the remainder when 43061 is divided by 148?
141
What is the remainder when 2795 is divided by 310?
5
Calculate the remainder when 3979 is divided by 722.
369
Calculate the remainder when 3735 is divided by 144.
135
What is the remainder when 1131353 is divided by 574?
573
What is the remainder when 164507 is divided by 179?
6
Calculate the remainder when 48937 is divided by 152.
145
What is the remainder when 41560 is divided by 1979?
1
Calculate the remainder when 31987 is divided by 744.
739
What is the remainder when 104849 is divided by 36?
17
What is the remainder when 150608 is divided by 42?
38
Calculate the remainder when 8242948 is divided by 11.
10
Calculate the remainder when 1095 is divided by 41.
29
What is the remainder when 134317 is divided by 281?
280
Calculate the remainder when 4692 is divided by 27.
21
What is the remainder when 10859 is divided by 162?
5
What is the remainder when 1413542 is divided by 7?
4
Calculate the remainder when 137704 is divided by 354.
352
Calculate the remainder when 735995 is divided by 186.
179
Calculate the remainder when 201394 is divided by 10068.
34
What is the remainder when 11416 is divided by 7?
6
Calculate the remainder when 396 is divided by 359.
37
What is the remainder when 775 is divided by 161?
131
Calculate the remainder when 37378 is divided by 12.
10
Calculate the remainder when 62502 is divided by 1008.
6
What is the remainder when 103993 is divided by 1084?
1013
What is the remainder when 1609845 is divided by 18?
15
Calculate the remainder when 10194 is divided by 1698.
6
Calculate the remainder when 4087 is divided by 283.
125
What is the remainder when 6224 is divided by 31?
24
Calculate the remainder when 3615103 is divided by 14.
9
Calculate the remainder when 8112 is divided by 89.
13
What is the remainder when 994 is divided by 587?
407
Calculate the remainder when 287708 is divided by 53.
24
What is the remainder when 237167 is divided by 366?
365
Calculate the remainder when 221031 is divided by 191.
44
What is the remainder when 83194 is divided by 36?
34
What is the remainder when 96069 is divided by 53?
33
Calculate the remainder when 5700 is divided by 1.
0
Calculate the remainder when 3262 is divided by 863.
673
What is the remainder when 5173 is divided by 1720?
13
What is the remainder when 13833 is divided by 2049?
1539
Calculate the remainder when 2300 is divided by 469.
424
Calculate the remainder when 4194 is divided by 1784.
626
Calculate the remainder when 13121 is divided by 1874.
3
What is the remainder when 12606 is divided by 551?
484
Calculate the remainder when 196 is divided by 4.
0
Calculate the remainder when 3298 is divided by 154.
64
Calculate the remainder when 24987 is divided by 68.
31
Calculate the remainder when 9438 is divided by 1325.
163
Calculate the remainder when 836358 is divided by 36.
6
Calculate the remainder when 12972 is divided by 189.
120
What is the remainder when 49583 is divided by 17?
11
Calculate the remainder when 34289 is divided by 203.
185
Calculate the remainder when 19467 is divided by 41.
33
What is the remainder when 38243 is divided by 6099?
1649
What is the remainder when 4631 is divided by 68?
7
Calculate the remainder when 619339 is divided by 528.
523
What is the remainder when 22728 is divided by 80?
8
Calculate the remainder when 5933 is divided by 496.
477
What is the remainder when 9730 is divided by 404?
34
What is the remainder when 38324 is divided by 10?
4
What is the remainder when 5977986 is divided by 404?
402
What is the remainder when 32867 is divided by 8198?
75
What is the remainder when 65024 is divided by 289?
288
What is the remainder when 55943 is divided by 92?
7
What is the remainder when 860337 is divided by 23?
22
What is the remainder when 5551 is divided by 239?
54
What is the remainder when 4898 is divided by 28?
26
Calculate the remainder when 256 is divided by 56.
32
Calculate the remainder when 163300 is divided by 2592.
4
What is the remainder when 3228232 is divided by 39?
7
Calculate the remainder when 1345518 is divided by 16.
14
What is the remainder when 284576 is divided by 558?
554
What is the remainder when 4038 is divided by 2003?
32
Calculate the remainder when 178414 is divided by 1898.
2
What is the remainder when 50580 is divided by 856?
76
Calculate the remainder when 12698 is divided by 422.
38
Calculate the remainder when 35447 is divided by 36.
23
Calculate the remainder when 378 is divided by 93.
6
What is the remainder when 1190 is divided by 163?
49
Calculate the remainder when 16737 is divided by 477.
42
What is the remainder when 330423 is divided by 103?
102
Calculate the remainder when 5971 is divided by 43.
37
What is the remainder when 32397 is divided by 446?
285
Calculate the remainder when 2545 is divided by 141.
7
Calculate the remainder when 20073 is divided by 268.
241
What is the remainder when 14627 is divided by 976?
963
What is the remainder when 83910 is divided by 249?
246
Calculate the remainder when 4224 is divided by 855.
804
Calculate the remainder when 1752 is divided by 360.
312
What is the remainder when 167249 is divided by 72?
65
Calculate the remainder when 29290 is divided by 1105.
560
Calculate the remainder when 477 is divided by 89.
32
What is the remainder when 89645 is divided by 67?
66
Calculate the remainder when 3192 is divided by 204.
132
What is the remainder when 10585 is divided by 213?
148
What is the remainder when 437 is divided by 33?
8
What is the remainder when 122977 is divided by 95?
47
Calculate the remainder when 2754 is divided by 2719.
35
What is the remainder when 152510 is divided by 82?
72
Calculate the remainder when 254120 is divided b